 203. Let m be b(-25). Suppose -l + 13229 - 3586 = 4*r, 9646 = l + m*r. Is l composite?
True
Suppose 2*q - 4*m = 6*q - 72, -2*m = 0. Let b be (-12)/8 - q/(-4). Suppose 5*x - b*x = 182. Is x prime?
False
Suppose -a - 5*c + 3683 = -0*c, 3*a - 10989 = -3*c. Suppose -5*d - a = -7*d. Is d composite?
True
Let r = 140552 - 94003. Is r prime?
True
Let c(z) = -z + 2. Let y be c(2). Suppose 3*n + 6 + 18 = y. Let v(o) = -2*o**3 - 10*o**2 - 4*o - 7. Is v(n) a composite number?
False
Suppose 6 = 2*w - 2*u, -u - 2 - 9 = -5*w. Suppose 2*a = 3*x - 6727, -23*x - 2245 = -24*x - w*a. Is x prime?
True
Is 108/1350 - 10833138/(-150) composite?
False
Suppose 3*s - 22848 = -3*o, 0 = 5*o - 5*s - 38321 + 191. Is o a prime number?
True
Is (1 + -4)*(-2228787)/297 prime?
False
Let q = -295 - -297. Is ((-45)/(-27) + -2)/(q/(-23178)) prime?
True
Suppose 3*b = 3*t + 30, 2*t + 11 = -4*b + 3*b. Let d be (-2 - -3) + (t - -6). Suppose -6*l + d*l + 3126 = 0. Is l composite?
False
Let j = -13764 + -3970. Let s = 27648 + j. Is s a prime number?
False
Let w(r) = 2274*r**2 + 6*r - 31. Is w(7) a composite number?
True
Let b(h) = -84*h**2 - h + 2. Let k be b(-1). Let n = -67 - k. Suppose -n*c + 1733 = -13*c. Is c a composite number?
False
Let o(h) = -9*h**2 + 9*h**2 - 15 - h**2 + 23*h. Let f be o(18). Let z = f - 52. Is z composite?
False
Let s = 5677 - 8661. Let i = s - -4245. Is i composite?
True
Let t = -11351 + -10457. Let p = 61467 + t. Is p a composite number?
False
Let b be 0/(5/5) - 0. Suppose 3*i - 5*c - 22038 = b, -5*c = -3*i - 2*i + 36730. Let y = -4567 + i. Is y a prime number?
False
Suppose -14*v - 2781624 = -55*v + 17*v. Is v a prime number?
True
Suppose 2*g + 2*p - 5 + 1 = 0, -2*p + 10 = 0. Is ((4 - 8) + 5)/(g/(-4521)) a composite number?
True
Is ((-97)/6)/(20/(-296760)) a composite number?
True
Let p = 337 + -333. Let q = -1524 + 2398. Suppose p*c - 3308 = 2*k, -c + 4*k = -q + 61. Is c a composite number?
False
Suppose 2*x + 3*x = 15. Suppose -3*f - x*p + 5*p + 1344 = 0, -4*p = -2*f + 904. Is f composite?
True
Let m(h) = 5*h**2 - 18*h - 4*h**2 - h**3 - 22 + 6*h**3 - 5*h**2. Is m(15) a composite number?
False
Suppose -98*k - 3*k = 15*k - 20277380. Is k prime?
False
Suppose -8930777 - 3148497 = -31*j. Is j prime?
False
Let v = -52 + 55. Suppose 3*b - 4*b - 3*y - 1 = 0, 0 = -v*b + 4*y + 23. Suppose 0 = -3*f + b*f - 1358. Is f composite?
True
Let f(n) = 37387*n**2 + 111*n - 325. Is f(3) a prime number?
True
Let h(v) = 1. Let u = -80 + 79. Let t(a) = -430*a + 36. Let i(q) = u*t(q) - 3*h(q). Is i(9) prime?
False
Let o(x) = -3*x**2 + 17*x - 67. Let z be o(13). Suppose 315 + 1281 = 3*v. Let f = v + z. Is f a prime number?
True
Let y be 6 + -1 + -3 + 2051. Suppose 0*j + y = 5*p + 2*j, 4*p + 5*j - 1656 = 0. Is p a prime number?
True
Suppose 611 + 1423 = 2*d. Suppose s - 4*s + d = 0. Is s + -5 + -1*3 composite?
False
Let p(v) = 618*v**3 + 19*v**2 - 76*v + 53. Is p(6) prime?
True
Suppose 87 = 5*d + 32. Let s be (1 - 0)*(1 - d). Is 3493/(-2)*(s + 8) a composite number?
True
Suppose 4*v - 79513 = 7*i - 2*i, -4 = 4*i. Let c = v - 8916. Is c a composite number?
True
Let d be (6/(-2))/(-1 + (-38)/(-37)). Let i be ((-932)/12 - -2)/(1/d). Suppose 2*k = 3*n - 7297, 3*k - i - 1302 = -4*n. Is n a prime number?
False
Let d be 9/2*(8 + (-160)/24). Is (635/20)/(d/24) a prime number?
True
Let k(l) be the first derivative of -7*l**2/2 + 2971*l + 6. Let b be k(0). Suppose -5*q - 1060 - 1915 = -5*g, 5*g - b = 4*q. Is g a composite number?
True
Let h be -4*3/6*4. Is -2*(3 - (-4692)/h) composite?
True
Let r(u) be the first derivative of u**4/4 + 13*u**3/3 - 4*u**2 - 17*u + 98. Let t be (-2)/11 - (-388)/(-44). Is r(t) a composite number?
False
Let h = -47948 + 7589. Let i = h + 64728. Is i prime?
False
Is (9/6)/((-135)/(-56803050)) a composite number?
True
Let t(a) = 303*a**3 + 4*a - 3. Let q be t(1). Suppose -2*r - 2*y = -4, -r + 4*y = -6*r + 11. Suppose 2024 = 2*h + j, -h = r*j - q - 713. Is h a prime number?
False
Is (30332/(-6))/(272/(-24) - -11) a composite number?
True
Let k(r) = -130*r - 217. Let g = 323 + -334. Is k(g) prime?
True
Let l be (-8)/(-60) - ((-58)/15 + 4). Suppose 5*u - 16642 = -2*n + 20545, l = -5*n + 4*u + 92951. Is n composite?
True
Let m(v) = v**3 - 14*v**2 + 17*v - 2. Suppose -2*l + 33 = -0*l + q, 2*l + 5*q - 29 = 0. Is m(l) prime?
False
Suppose -143*h + 8302425 = 74*h - 142*h. Is h composite?
True
Let k(u) = u**3 - 12*u**2 - 34*u + 74. Let z be k(14). Is z/95 + (-1672569)/(-171) prime?
True
Suppose -3*k = -u + 33 + 181, 0 = 4*k + 4*u + 264. Is (-450920)/k + 6/21 a prime number?
False
Let p(u) = -9*u**2 + 20*u + 7. Let j(n) = 18*n**2 - 40*n - 15. Let r(s) = -2*j(s) - 5*p(s). Is r(8) composite?
True
Let s(m) = -273*m**2 - 16*m - 16. Let i be s(-1). Suppose -4*o - 3616 = -0*o. Let h = i - o. Is h a composite number?
False
Let t(u) = u**3 + 4*u**2 + 6. Let l be t(-4). Let q be (5754/9)/(2/39). Suppose -7*m + q = l*m. Is m a composite number?
True
Suppose 0 = -d - 0*s - s + 11, 0 = s - 2. Suppose -h + 8 = -d*h. Let c(z) = 208*z**2 + z + 2. Is c(h) composite?
True
Let m be (4 + -6)/((-1)/(-5)). Is ((-1912)/m)/1 + (-30)/150 a composite number?
False
Let z = -4583 - -14350. Is z a prime number?
True
Let m(c) = 1341*c**2 - 54*c - 20. Let r be m(34). Is r/110 - 5 - (-4)/22 a prime number?
True
Suppose -15*b + 30*b = 209175. Is b composite?
True
Let y = -52 + 62. Suppose -15*j - 5 = y. Is (j + (-3 - -1371))/1 composite?
False
Suppose s + 5*l - 586029 = 0, 3*s = l + 410585 + 1347374. Is s a prime number?
True
Suppose -17*k + 39*k + 0 - 44 = 0. Let i be -6*(3/(-2) + 1). Suppose k*x - 1033 = -i*o, -o - 12 = 3*o. Is x composite?
False
Let a(n) = n**3 - 21*n**2 + 22*n - 48. Let o be 202*1/10 - 4/20. Let h be a(o). Let z(x) = -307*x - 21. Is z(h) composite?
True
Let r = 17129 - 9587. Suppose -8*f - 16386 = -2*z, -r = -2*z + f + 8830. Is z a composite number?
True
Let v be -3*(-5 - 40/(-12)). Suppose -5*d - v*l = -480, 4*d - 3*d - 3*l - 100 = 0. Is d a composite number?
False
Let o = 13875 + 18644. Is (-114)/513 + o/9 composite?
False
Suppose 3*f - 31*f + 6617491 + 10399257 = 0. Is f a composite number?
False
Let o(f) = -3*f**3 - f**2 - 2*f + 5. Let p be o(0). Suppose 2*w + 5*q = 2187, 128 - 3396 = -3*w + p*q. Is w prime?
True
Let d = 82375 - -703002. Is d composite?
False
Let i be 285207/(-130) + 3/(-30). Let d = i + 7493. Is d composite?
True
Let i be (-168)/70*1*-5. Let q(z) = 37*z**2 + 7*z + 26. Let y(b) = -74*b**2 - 14*b - 51. Let m(u) = -5*q(u) - 3*y(u). Is m(i) a composite number?
True
Let x = 600 + -601. Let b(u) = 8264*u**2 + 15*u + 14. Is b(x) prime?
True
Suppose 4*b + 6688190 = 21*b + 21*b. Is b a prime number?
False
Suppose -11*t + 12*t + 5964825 = 26*t. Is t a composite number?
True
Suppose 0 = -s + 5*j + 4 - 5, -21 = -4*s - 5*j. Suppose s*k - 16789 = -3*w, -4*k = -w + 2*w - 16783. Suppose -8*v + k = -3*v. Is v a prime number?
True
Let p(j) = -j**3 + 28*j**2 + 32*j - 232. Is p(23) a prime number?
False
Let x(a) = -23*a**2 + 7*a - 2. Let m be x(10). Let w = m + 12200. Suppose 1575 = -7*r + w. Is r a prime number?
False
Let q(c) be the first derivative of 13*c**4/3 + c**3/6 - 3*c - 1. Let p(b) be the first derivative of q(b). Is p(1) a prime number?
True
Suppose m + 11345 + 8880 = 5*i, -4*i + 2*m = -16186. Let b = 451 - 228. Suppose -o = -i + b. Is o a prime number?
True
Let s(a) = 2853*a - 51. Let z be s(-2). Let g = -2960 - z. Is g composite?
False
Suppose -13 + 17 = r. Suppose 3*g - 2*g = -r. Let x(a) = a**3 + 5*a**2 + 4*a + 11. Is x(g) prime?
True
Let h = 18 + -7. Suppose 0 = -h*s + 14*s - 24. Is s/(-32)*1*-508 a prime number?
True
Is 6/18*(-6 - -24582 - (2 - -1)) prime?
True
Suppose -5 = 3*o - 30*f + 31*f, -4*f = o + 20. Is (-140 - -6)/(o + -2) a composite number?
False
Let r(z) be the first derivative of -z**4/4 - 8*z**3/3 + 2*z - 2. Let k be r(-8). Suppose -k*v = 3*y - 2326, -3*v + 4*y = v - 4612. Is v a composite number?
True
Suppose 18*v - 6828 - 210 = 0. Suppose 7*s + v = 2190. Is s composite?
False
Let y = 2 - -12. Let k be y/6 - (4 + 44/(-12)). Let p(r) = 126*r - 1. Is p(k) a composite number?
False
Suppose 91*g - 443 = 90*g. Let c = 2254 - g. Is c a composite number?
False
Let a(f) = -1456*f**3 - 12*f**2 - 23*f + 4. Let g(u) = -u**3 + u. Let m(p) = a(p) - 5*g(p). I